 thousands digit of w?
1
Let t be (3/(-6))/((-4)/14648). Suppose -4*o + 631 - t = 0. Let q = -143 - o. What is the tens digit of q?
5
Suppose -3*v = -230 - 133. Let d(u) = u**3 + 26*u**2 - 270*u + 70. Let t be d(-34). Suppose -7 + v = t*z. What is the tens digit of z?
5
Suppose -o + 2*u = 1226, 0 = -5*o - 4*u - u - 6205. Let w = o - -1788. What is the hundreds digit of w?
5
Let b = -447 + 449. Suppose 0 = -5*v + y + 1110, -4*v = -7*v - 2*y + 666. Suppose b*t = -10 + v. What is the tens digit of t?
0
Let s = -364 + 367. Suppose -2*r + 3*n - 14 = -n, 24 = s*r + 3*n. What is the units digit of r?
3
Let p be -158 - (4 + -6 + -3). Let v = p - -307. What is the tens digit of v?
5
Let h(n) be the second derivative of n**5/20 + 3*n**4/2 - 14*n**3/3 - 124*n**2 - 25*n - 1. What is the units digit of h(-14)?
8
Let p = 27 - 18. Suppose -5*l + 5*i = -210, -16*i = -l - 21*i + 48. Let y = l + p. What is the units digit of y?
2
Let y(a) = -2*a**3 + 45*a**2 + a - 220. What is the ten thousands digit of y(-15)?
1
Let z(m) = -2*m**3 - 17*m**2 - 6*m + 18. Let b be z(-8). Suppose -3*u + 262 = b*y, -u - u = 2*y - 174. Let j = 237 - u. What is the units digit of j?
9
Suppose 89 = 3*f - 4*n + 17, 0 = -3*f - 5*n + 72. Let s = 37 - f. Suppose m + 3*h - 1 + 8 = 0, 2*m - s = 3*h. What is the units digit of m?
2
Let f = -26 - -47. Suppose -12 = 3*o - f. Suppose -o*v + 313 = 16. What is the tens digit of v?
9
Suppose -1398 = -5*r - 1368. Suppose -2*v - g = -1176, -r*v = -4*v - 3*g - 1184. What is the units digit of v?
9
Let v(y) = 16*y**2 + 31*y - 4. Suppose 18*t + 69 = -57. What is the hundreds digit of v(t)?
5
Suppose -3*p + 94 = -242. Let y = -199 + p. Let n = -24 - y. What is the units digit of n?
3
Let h(r) = 2799*r**2 + 192*r + 191. What is the units digit of h(-1)?
8
Let a(g) = 9487*g - 9533. What is the units digit of a(6)?
9
What is the units digit of -13 + 7 + (-335085)/(-15)?
3
Let a be ((-9)/8)/(4/(-48))*-6. Let i = a - -508. What is the tens digit of i?
2
Suppose -19*j = -9*j - 90. Suppose t + 5*y + j = 18, 9 = -3*y. What is the units digit of t?
4
Let g(s) = s**2 - 9*s + 160. What is the units digit of g(-12)?
2
Let a = -136 + -139. What is the hundreds digit of (0 - a*1/3)*3?
2
Let p(m) = 1944*m**2 - 39*m - 84. What is the hundreds digit of p(-2)?
7
Let l(t) = -32*t + 48. Let q be l(-11). Suppose 8*x + q = 10*x. Suppose 0 = -17*f + 18*f - x. What is the units digit of f?
0
Suppose 2*m = 4*c - 110740, 130*m = 3*c + 127*m - 83046. What is the thousands digit of c?
7
Let w be -2*(4 - (-4 - -9)). Suppose 0 = -2*n - 3*s + 201, 0 = 3*n - 8*n + w*s + 474. Let m = n - -184. What is the hundreds digit of m?
2
Suppose 0*h - 2*h + 14 = 3*d, -3*d = -4*h + 10. Suppose -2*z + 2*l + 1712 = -0*z, -d*l = 2. What is the hundreds digit of z?
8
Suppose 937251 = 90*p + 97*p - 54*p. What is the thousands digit of p?
7
Let d(z) = -26*z + 330. Let v be d(13). What is the units digit of (-66)/((-5)/((-260)/v))?
9
Let j be 4/(-8)*(-3684)/1. Suppose -t - 4*n = -8*n - 598, -3*t - 4*n = -j. What is the hundreds digit of t?
6
Let l be (-13015)/(-15) + 2 + 10/(-6). Suppose -2*q + 4*t = 358 - l, 3*t = 0. What is the hundreds digit of q?
2
What is the tens digit of 18663/3*1 + (-640)/128?
1
Let j(a) = -17*a**2 + 2*a**3 - 3*a + 4 - 4*a**3 + 3*a**3 + 19*a. Let s be j(16). What is the units digit of 1 + 1 - s - -4?
2
Let w(h) = 3*h**3 - 12*h**2 + 15*h + 5. Let x(i) = i**3 + i**2 + 2*i - 1. Let q(n) = -w(n) + 4*x(n). What is the tens digit of q(7)?
6
Let i be (-3)/((-9)/12) - 2. Suppose 2*k - 719 = j, i*j + 365 = k + 7*j. Suppose 2*u - 102 = 2*r + 42, 5*u = r + k. What is the tens digit of u?
7
Let p(z) = -86*z**3 + z**2 - 2. Let o(q) = -42*q + 41. Let g be o(1). What is the tens digit of p(g)?
8
Suppose 0 = 150*o - 152*o + 56. What is the units digit of (-6)/(12/(-10)) + o?
3
Suppose -30 + 27 = -w. Suppose 184 = s + y, -8*y - 567 = -w*s - 6*y. What is the hundreds digit of s?
1
Suppose 7*h - 11*h = -72. Suppose -27*r + h*r + 2034 = 0. What is the hundreds digit of r?
2
Let x = -363 + 360. Let a(y) = 81*y**2 - 2*y - 2. What is the tens digit of a(x)?
3
Let y = 33570 + -19598. What is the hundreds digit of y?
9
Let r(g) = -2*g**3 + g**2 + 2. Let s = -3 + 9. Suppose -s*v + 15 = -11*v. What is the units digit of r(v)?
5
Suppose 4*k - 49*o = -48*o - 127, 0 = 5*k - o + 159. Let j(f) = 2*f + 218. What is the hundreds digit of j(k)?
1
Suppose 59*k - 63*k - 1752 = 0. Let n = -398 - k. What is the units digit of n?
0
Suppose -2*w + 2*r - 4484 = 0, -7*w + 2236 = -8*w - 5*r. Let d = w - -3843. What is the hundreds digit of d?
6
Let r = -27001 - -92725. What is the units digit of r?
4
Suppose -3712 = -3*l + 222368. What is the thousands digit of l?
5
Let o be ((-1)/3)/((10/399)/(-10)). Let k = o - -2. Suppose -q = -0*q - i - k, -5*i = q - 153. What is the hundreds digit of q?
1
Let w(p) = 2*p - 24 + 3*p**3 + 6*p**2 - 4*p**3 + 2*p**2. Let y(t) = t**3 + 10*t**2 + 13*t. Let f be y(-2). What is the tens digit of w(f)?
6
Let v(j) = 979*j - 1348. What is the hundreds digit of v(53)?
5
Let k(o) = -o + 39. Let i be k(13). Let c = 4 - i. Let f = c + 49. What is the tens digit of f?
2
Let d = 2241 + 1650. What is the units digit of d?
1
Suppose -2*f - 1452 = -h, -2*f - 346 + 340 = 0. What is the hundreds digit of h?
4
Let q = -82 - -205. Suppose y = 3*j - 425, j - q = -y + 6*y. What is the tens digit of j?
4
Suppose -2*y + 141968 = -2*j, 77*y + 5*j + 71004 = 78*y. What is the thousands digit of y?
0
Let t(u) = -23*u - 132. Let a be t(5). Let d = a - -347. What is the tens digit of d?
0
Suppose -2*q - 64 = 3*o, -2*o - 4*q = 29 + 19. What is the tens digit of o/(-25) - (-4776)/30?
6
Suppose 25*h - 22*h - 7393 = -a, 0 = -2*a + 5*h + 14764. What is the thousands digit of a?
7
Suppose 21*k - 150 - 186 = 0. Suppose r = -4*v + 3957, -19*r = -4*v - k*r + 3969. What is the units digit of v?
0
Suppose -t = 4*a - 0*a - 322, 331 = t - 5*a. Let j = 568 - t. What is the hundreds digit of j?
2
Suppose 2*k + 2 = -6, 3*z = 2*k + 716. Let l = -103 + z. What is the tens digit of l?
3
Suppose 12*h - 40015 = 8561. What is the units digit of h?
8
Suppose 0 = -5*d - 37*d + 12722 + 65272. What is the units digit of d?
7
Suppose -2*r + 1480 = -39*r. Let i = r + 98. What is the units digit of i?
8
Let m be (-5)/((1 + -4)/(-9)). Let q(p) be the third derivative of p**5/60 + p**4/2 + p**3/3 - 268*p**2. What is the units digit of q(m)?
7
Let r(q) = q**3 + 39*q**2 + 34*q - 20. Let z be r(-37). Suppose 6*v - z = 2188. What is the hundreds digit of v?
6
Let u be 4 - (-1)/3*6/(-2). Suppose -1205 = -10*y + 5*y. Suppose h + 128 = a, -u*a - 4*h = -618 + y. What is the hundreds digit of a?
1
Suppose -20*g = -25*g - 4*c + 72200, c - 14441 = -g. What is the tens digit of g?
3
Let y = 10 - -146. Suppose 0 = 817*u - 815*u + 54. What is the tens digit of (y/(-8))/((u/24)/3)?
5
Suppose 58*o + 75628 + 75257 = 93*o. What is the units digit of o?
1
What is the thousands digit of 272050/30 + 6 - (-2 + (-4)/(-3))?
9
Suppose 3*f - 23 + 4 = -5*c, 0 = 5*f - 2*c + 20. Let i = f + 48. Suppose 0 = -5*x - 3*r + 117 + 121, -r = x - i. What is the units digit of x?
0
Let z(x) = 62*x - 55. Let g be z(12). Suppose 0 = 5*u + g - 2224. What is the tens digit of u?
0
Suppose 9 = -3*q - 5*t - 0*t, 3*t - 1 = -5*q. Let b(z) = 5*z**2 + 17*z**3 - 4*z + 21*z**3 - q - 27*z**3. What is the tens digit of b(2)?
9
Let r be 3377/15 - 6/45. Let k be (-1527)/24 - (-27)/(-72). Let g = r + k. What is the units digit of g?
1
What is the tens digit of 3 + 2 - (17 - (23 - -23688))?
9
Let d(z) = -z**3 + 41*z**2 + 125*z - 48. What is the tens digit of d(32)?
6
Let d(v) = -33*v + 79. Suppose 0 = -46*h + 82*h + 432. What is the hundreds digit of d(h)?
4
Let f(w) = w**2 - 2*w + 2. Let m = 40 + -44. Let z be f(m). Suppose -z*s = -29*s + 288. What is the tens digit of s?
9
Suppose 26*o - 176*o = 163*o - 1800376. What is the thousands digit of o?
5
Let j be 6 + (-5 - (1 - -2)). What is the hundreds digit of (j*474/4)/((-39)/26)?
1
Let y = 7321 - -8534. What is the ten thousands digit of y?
1
What is the tens digit of 1/(-8) - 1005156/(-288)?
9
Let s = 3573 + -1935. What is the units digit of s?
8
Let g be -4*4*1/(-2). Suppose -48 = -12*j + g*j. What is the units digit of (1 + -9)*j/(-16)?
6
What is